et j = -543 + l. Suppose -5*q - 4*u + j = -0*u, 0 = -q + u + 53. What are the prime factors of q?
5, 11
Let c = 129 - 124. Suppose -3*s + 57 = 2*a - c, 4*a + 2*s - 132 = 0. List the prime factors of a.
2, 17
Suppose l - 4*z = -l + 31358, -78330 = -5*l - 3*z. List the prime factors of l.
3, 1741
Suppose 4*s + 188*x - 683 = 189*x, 4*s = -2*x + 674. What are the prime factors of s?
2, 5, 17
What are the prime factors of (-8118368)/(-224) - ((-95)/(-35) + -3)?
3, 4027
Suppose -5*i + 4*i = -2*r - 2, -r = -4*i + 43. List the prime factors of (-3)/i - (-1 - (-25599)/(-28)).
3, 5, 61
Let z = -45 - -9. Let u be ((-88)/12)/((-2)/45). Let o = z + u. List the prime factors of o.
3, 43
Let u be (-256)/(-52) + 13/169. Suppose 0 = -4*o - 16, -1214 = -u*q - o - 3*o. List the prime factors of q.
2, 3, 41
Let j = -12 - -14. Suppose -5*u + 1760 = 3*z, 8*u + 1770 = 13*u + 5*z. Suppose -2*w - u = -4*w + 5*m, -4*w - j*m = -758. List the prime factors of w.
11, 17
Let q(z) = 2*z**2 + 56*z + 49. Let l be q(-27). Let u(s) = -75*s + 9. What are the prime factors of u(l)?
2, 3
Let q = -593 - -595. Suppose -l - 5*j + q*j = -88, 4*j = -16. What are the prime factors of l?
2, 5
Let k(t) = t**2 + t + 107. Let l(u) = -u**2 + 13*u - 40. Let p be l(5). List the prime factors of k(p).
107
Suppose 3*b = -3*b + 1542. Let v(j) = j**2 - 2*j - 1. Let x be v(-2). Suppose 0 = x*t - b - 156. What are the prime factors of t?
59
What are the prime factors of ((79878/(-4))/1)/(28/8 + -5)?
13313
Let m = -5233 + 7074. What are the prime factors of m?
7, 263
Let n = -928 + 2112. List the prime factors of n.
2, 37
Let d(z) = -17*z - 11. Let p be d(-1). Let k(u) = -u**2 + 23*u - 18. List the prime factors of k(p).
2, 3, 7
Let a be 1/((32/(-4920))/(-4)). Suppose 2*s - 777 = -5*x, -4*x + a = 30*s - 35*s. List the prime factors of x.
5, 31
Let t = -19 + 15. Let j be (-5 - t)/((-2 + 3)/(-1)). What are the prime factors of j/(4/(16*7))?
2, 7
Let g = -45 - -48. Suppose -178 = x - g*x. Let w = x - 40. List the prime factors of w.
7
Suppose 72 = c + 241. Let y be c/(-2) + 5/(-10). Suppose -11*r - y = -12*r. What are the prime factors of r?
2, 3, 7
What are the prime factors of ((-6)/9)/(8/(-919368)) - (-105)/15?
193, 397
Let g(h) = 16*h + 3. Let b be g(3). Let t(q) = q**3 - 44*q**2 + 49*q - 24. Let f be t(43). Suppose -b*w - f = -53*w. What are the prime factors of w?
3, 13
Let v be (1/(-4))/(4/(-48)). Suppose h = 5*q + 1, -4*q = -5*h + v*h + 2. Suppose 11 - h = 4*r - g, -r + 4*g + 10 = 0. What are the prime factors of r?
2
Let n(z) = -5*z - 1. Let h(a) = a + 1. Let v(u) = 4*h(u) + n(u). Let s be (-12)/(6 - -6)*5. What are the prime factors of v(s)?
2
Let r(q) = -417*q**3 - 3*q**2 + 7*q + 1. What are the prime factors of r(-3)?
2, 2803
Suppose -155317 = 71*n - 749445. List the prime factors of n.
2, 523
Let l be 2/((-24)/(-78)) - 3/(-2). Suppose -l*q + 9*q - 273 = 0. List the prime factors of q.
3, 7, 13
Let b(a) = -8*a + a - 11 + 38*a**2 - 66*a**3 - 20*a**2 - 21*a**2. List the prime factors of b(-2).
3, 173
Let w(m) = 2*m**2 + 45*m + 35. Let p be (-195)/(-3)*(-2)/5. Let b be w(p). Let j = 436 - b. What are the prime factors of j?
3, 73
Let m(s) = s**3 - s**2 - 3*s - 1. Let l be m(3). Let p be (l/5)/(-6 - 444/(-75)). List the prime factors of 4/8*p/(2/(-1)).
5
Suppose -33316 = -7*s + 35697. What are the prime factors of s?
9859
Let t(l) = l**2 + l + 24. Let y be t(0). Let k = -22 + y. Suppose -71 = -4*a + 3*w + 26, 2*w = k*a - 48. What are the prime factors of a?
5
Suppose 0*u = -4*u + 7*u. Suppose u = 21*f - 20*f - 199. List the prime factors of f.
199
Suppose -2*n + 21 + 7 = 3*x, -x = 5*n - 31. Suppose x*w = 431 + 535. List the prime factors of w.
7, 23
Suppose -3*y + 373 = 5*h, -5*h + 331 = 703*y - 707*y. List the prime factors of h.
71
Let v(g) = 96*g**2 - 16*g - 58. List the prime factors of v(9).
2, 7, 541
What are the prime factors of (6 + -4)*(-25)/(-10) - -2323?
2, 3, 97
Let q = -505 + 508. Suppose -4*w - 4852 = -q*u, -3*w - 1629 = -u - 4*w. List the prime factors of u.
2, 7, 29
Suppose 0 = -13*y + 314 + 50. Suppose -y = -7*p + 6*p - 5*d, 4*d = 5*p - 82. List the prime factors of p.
2, 3
Suppose v = -13*v. Suppose 11*h - 4090 - 6536 = v. What are the prime factors of h?
2, 3, 7, 23
Let n(f) = 2*f**2 + 4*f + 10. Suppose 0 = -3*i - 2*i + a + 18, -5*a - 18 = -i. Let w be (1 - i)/((-9)/(-18)). List the prime factors of n(w).
2, 13
Suppose -q + 5*z - 3*z = 657, 0 = -3*q + 4*z - 1975. Let x = q - -958. List the prime factors of x.
3, 11
Let v(l) = -l**3 + 11*l**2 + 15*l - 28. Let d be v(12). Let z(w) = 7*w**2 + 5*w + 46. List the prime factors of z(d).
2, 3, 89
Let r be (-16)/8 + -1*5. What are the prime factors of r*(-4)/56 + (-365)/(-2)?
3, 61
Let g = -903 + 1284. Suppose -2*i = -3*w - g, 180 = i - 2*w - 3*w. List the prime factors of i.
3, 5, 13
Suppose 25*d + 156 = 19*d. Let m = d + 832. List the prime factors of m.
2, 13, 31
Let u = -53 + 223. Let z = 215 + u. What are the prime factors of z?
5, 7, 11
Let c be 18/15 + (-3)/15. What are the prime factors of (4/c)/(-4)*27*-17?
3, 17
Let t be 4/(-5) + 84/30. Suppose 6*p + 636 = t*p. List the prime factors of ((p/6)/(4/(-8)))/1.
53
Suppose 915119 = -60*o + 2564412 + 1024667. List the prime factors of o.
2, 22283
Let h = -3218 + 9069. List the prime factors of h.
5851
Let c = 24997 + -15930. List the prime factors of c.
9067
Suppose 6285 = i + 5*r, 3*i - 18799 = -255*r + 254*r. List the prime factors of i.
5, 7, 179
Let q(s) = -86*s**2 + 1106*s - 13. What are the prime factors of q(7)?
5, 19, 37
Suppose 190*s - 24196935 = -153*s. List the prime factors of s.
3, 5, 4703
Let r(o) be the third derivative of -o**6/120 - o**5/5 + o**4/4 + 9*o**3/2 + 2*o**2 - 49. List the prime factors of r(-16).
5, 191
Suppose -2*b = -t - 183, -2*b = 3*b - 5*t - 460. Suppose b*h - 498 = 88*h. What are the prime factors of h?
2, 83
Suppose -19*h + 857555 + 211876 = -167203. List the prime factors of h.
2, 7, 4649
Let n be 2 + -1 - -3 - 0/5. Suppose 0*r = 4*r - 2*a - 4006, 5014 = 5*r + n*a. What are the prime factors of r?
2, 3, 167
What are the prime factors of 6123 - ((-1)/3)/(5 + 1248/(-252))?
2, 5, 613
Let i(j) = 2*j**3 - 4*j**2 - 12*j + 1. Let r be -2 + 10 - (-3 + 2)*-2. Let f be i(r). Let t = f - 121. What are the prime factors of t?
2, 3
Suppose 2*y - 3*l - 17210 = 0, -y - 99*l + 8605 = -98*l. List the prime factors of y.
5, 1721
Let i = 63 - 61. Suppose 11*d - 13*d = t - 1016, -2*d + 1004 = -i*t. List the prime factors of d.
2, 11, 23
Suppose -89307 = -28*s + 83873. List the prime factors of s.
5, 1237
Let k = -104 - -106. Suppose 2*p - 1388 = -k*m, -2065 + 5549 = 5*p - 2*m. What are the prime factors of p?
2, 3, 29
Suppose -3*s - 88765 = -5*q, 621*q - 623*q - 4*s + 35480 = 0. List the prime factors of q.
2, 5, 71
Let n(j) = -2*j - 19. Let d = -23 - -11. Let i be n(d). Suppose -3*u + f = -178, 0 = i*f + 7 + 13. What are the prime factors of u?
2, 29
Let i(s) = -1861*s + 8 + s**2 + 1864*s + 0*s**2. List the prime factors of i(-2).
2, 3
Suppose -16*w = 12*w - 1372504. What are the prime factors of w?
2, 24509
Let i(x) = 18 - 5*x + 3*x + x**2 + 0*x - 5. Let u be i(-12). Suppose 0 = 5*t - 15, -3*p + u - 22 = -4*t. What are the prime factors of p?
3, 19
Let w be ((41 - 2) + 0)*3/9. Suppose -6*j + 17 = -w. What are the prime factors of (j/(-10))/(3/(-780))?
2, 5, 13
Let x = -50 + 56. What are the prime factors of (x/4)/((-22596)/2512 + 9)?
2, 157
Suppose 0 = -2*h - 2*y + 28, 4*y + 24 = 2*h - 28. Let p be 13 - (16/14)/(h/63). Let d(b) = 2*b**2 + 5*b - 36. What are the prime factors of d(p)?
3, 19
Let b(o) = -o**3 + 7*o**2 - 4*o - 8. Let j be b(6). Suppose 2*w = 4*w - j. Suppose 3*d - w*t - 25 = -6*t, 2*d = -5*t + 12. What are the prime factors of d?
11
Let v(d) = 283 + 287 - 593 + 9*d. Let c(g) = -g + 13. Let w be c(7). What are the prime factors of v(w)?
31
Let l = -78 - -83. Suppose -l*r + 2765 = 5*a, -128 = -a + 5*r + 455. What are the prime factors of a?
2, 3, 31
List the prime factors of 6/(-69) - 1833111/(-1449).
5, 11, 23
List the prime factors of (-7805556)/(-138) - (0 + -5).
7, 8081
Suppose 4*m + 9920 = 2*d + 34620, 2*d = 5*m - 30871. List the prime factors of m.
3, 11, 17
Suppose 18*b - 14*b - 32853 = q, -3*b - 164311 = 5*q. What are the prime factors of q